Suppose n = -20*v - 14*v + 12240. List the prime factors of v.
2, 3, 5
Let k be 0 + -3 + 16 + 0/3. Suppose -k = -9*h + 5. Suppose 2*v + 52 = 2*w, 3*v + 101 = h*w + 2*w. What are the prime factors of w?
23
Let v be (-36)/(-54)*-2589*(-1)/2. Let a = v + -474. List the prime factors of a.
389
Let s(g) = 18*g**2 + 72*g - 129. What are the prime factors of s(-22)?
3, 2333
Suppose -m + 3*d + 12742 = -1204, -20 = -5*d. What are the prime factors of m?
2, 7, 997
What are the prime factors of (-298)/2682 - (57583/(-9) + -1)?
3, 79
Suppose 2*r + g + g + 162 = 0, g + 312 = -4*r. Let i = 119 + r. List the prime factors of (1 - -3)/(12/i).
2, 7
Let v(t) = 1994*t + 115. What are the prime factors of v(8)?
16067
Suppose 8*r + 40 = 56. Let w(g) = 356*g - 16. What are the prime factors of w(r)?
2, 3, 29
Let i = 6183 + -363. Suppose 0 = -21*f - i + 23901. What are the prime factors of f?
3, 7, 41
Let k(n) = -n**3 - 55*n**2 - 93*n + 1. List the prime factors of k(-61).
2, 5, 7
Let k(t) = t + 31. Let m be k(-8). Let y(h) = h**3 - 22*h**2 - 11*h + 62. What are the prime factors of y(m)?
2, 13
Suppose 0 = 42*a - 26*a + 3136. Let v = -18 - a. What are the prime factors of v?
2, 89
Suppose -35*y - 24150 = -37*y - 2*k, 3*k - 60369 = -5*y. List the prime factors of y.
2, 3, 503
Let d(j) = 727*j**2 + 24*j + 100. List the prime factors of d(-3).
6571
Let l(f) = -f**3 + f**2 + 20*f - 6. Let s be l(5). Let m(u) = 10*u**2 - 13*u - 13. What are the prime factors of m(s)?
5, 17
Suppose 4*p = -3*i + 9734, -2*p = 121*i - 126*i - 4880. What are the prime factors of p?
5, 487
Let b = 32884 + -18568. What are the prime factors of b?
2, 3, 1193
Suppose u = -3*m + 7337, -5*m + 10*m - 36705 = -5*u. List the prime factors of u.
7, 1049
Let v(z) = -50*z**3 - 3*z**2 - 4*z - 1. Let u be v(-1). Let l be (810/u)/(((-6)/(-10))/3). Let q = l - 13. What are the prime factors of q?
2, 17
What are the prime factors of (4 - (-13)/(-4)) + (-30)/8 - -15929?
2, 7963
Let g be 4/(-18) - (-20964)/54. Suppose -8 = -9*l + g. Suppose -2*s - d - l = -312, 3*s - d = 412. What are the prime factors of s?
2, 17
Suppose 5*u = 4*k + 55, -2*u - 4*k = -4*u + 34. Let l(z) = 97 + 3*z**2 - 54 + z - 29. What are the prime factors of l(u)?
2, 3, 7
Suppose 22404 = 109*p - 106*p - y, 37336 = 5*p - 3*y. What are the prime factors of p?
7, 11, 97
Let q be (52/(-91))/((-2)/14). Suppose -a = -8*p + 3*p - 955, q*a - p - 3725 = 0. List the prime factors of a.
2, 3, 5, 31
Let y(o) = 110*o**2 - o. Let p(v) = 331*v**2 - 3*v + 1. Let c(z) = -2*p(z) + 7*y(z). What are the prime factors of c(-2)?
2, 3
Suppose 4*q + 1000 = -760. Let l be (q/(-2))/((-2)/(-12)*1). Suppose 5*f - 13*f + l = 0. List the prime factors of f.
3, 5, 11
Let i = -43 - -47. Let h(x) = -x**3 + 6*x**2 - 8*x + 5. Let b be h(i). Suppose -5*g + 660 = -b*q, 2*q - 155 = -3*g + 236. List the prime factors of g.
131
Let a(d) = d**2 + 7*d - 17. Let v be a(-11). Let t = 3 + v. List the prime factors of (-10373)/(-165) + 4/t.
3, 7
Suppose -4*j - 498*t + 27650 = -496*t, 0 = -2*j + 5*t + 13819. What are the prime factors of j?
2, 3
Let z(o) = 2*o**2 - 2*o. Let b be z(-2). Let a be 19/((-2)/5 - (-13)/20). Let l = a - b. What are the prime factors of l?
2
Let g = -43587 - -102215. What are the prime factors of g?
2, 14657
Let j = -3 - 30. Suppose 3*l - 397 = -4*f, -2*f - 497 = -7*f - 3*l. Let o = j + f. List the prime factors of o.
67
Suppose 0 = -537*l + 534*l - 6. Suppose 2*o + 6 = -10. What are the prime factors of 176*2/(o/l)?
2, 11
Let p(n) = 70*n + 48. Let i be p(24). Suppose 24*t - 16*t - i = 0. List the prime factors of t.
2, 3
Suppose -20*l + 18*l - 5*y + 54179 = 0, 5*y - 81261 = -3*l. What are the prime factors of l?
2, 11, 1231
Let c(i) = 17*i**2 - 2*i - 9. Let f = 117 + -126. Let h be c(f). Suppose 31*g + h = 37*g. What are the prime factors of g?
3, 7, 11
Suppose 9*c = 6*c + 75. Let s = c - 22. Suppose 143 = r - 4*x, x + s*x - 445 = -3*r. List the prime factors of r.
3, 7
Let i be (-13 + -1)*(-525)/(-42). List the prime factors of (-544 + 1)/(75/i).
7, 181
Let s(u) = 1256*u + 3 - 2483*u + 8 + 1237*u. Let w be (-1 + 0)/(-1)*9. What are the prime factors of s(w)?
101
List the prime factors of (-1)/3*(-1 + -9 - (86759 - 66)).
28901
Suppose 0 = -32*c + 24 + 72. Suppose 2116 = 2*v + 4*l, -c*l + 1443 - 4626 = -3*v. What are the prime factors of v?
2, 5, 53
Let z = -107 - -109. Suppose -4*n - 116 = -z*t, 7*t - 3*t - 5*n = 223. List the prime factors of t.
2, 13
Let z(m) be the third derivative of -7*m**4/8 + 13*m**3/2 + m**2 - 19*m. What are the prime factors of z(-9)?
2, 3, 19
Suppose 3*t - 2*g = 109 + 1014, 3*t + 2*g - 1115 = 0. Suppose -y - 21*q + 22*q = -t, -4*y = q - 1517. List the prime factors of y.
2, 3, 7
Suppose 1313 + 1295 = -8*a. Let q = -224 - a. What are the prime factors of q?
2, 3, 17
Let c(m) = 17 - 218*m - m**3 + 427*m - 215*m. What are the prime factors of c(-10)?
3, 359
Let g(m) = -53*m + 119. Let x be g(-14). Suppose -8*d + 539 = -x. What are the prime factors of d?
5, 7
Let n(a) = 3*a**3 + 15*a**2 - 20*a - 11. Let c be n(-6). What are the prime factors of c/(3/(-7350)*-2)?
5, 7
Suppose 122 = -33*m + 31*m. Let x = m + 65. Let g(y) = 4*y**2 - 11*y - 6. List the prime factors of g(x).
2, 7
Let y(z) = z**2 - 2*z + 11. Let h = 76 + -76. Let w be y(h). Suppose w*m - 2006 = -301. What are the prime factors of m?
5, 31
Let y(b) be the third derivative of b**5/10 + 7*b**4/8 + 7*b**3/6 - 7*b**2 - 2. List the prime factors of y(-6).
97
Let b(x) = -3*x**3 - 73*x**2 + 33*x + 176. List the prime factors of b(-41).
7, 11839
Let j(c) = 3*c**3 + 3*c**2 + 12*c - 48. Let z be j(-13). What are the prime factors of z/(-20) + 6/10?
3, 5, 7
Suppose -2*r + 103 = -33. Suppose 0 = -2*t - 52. Let s = r + t. What are the prime factors of s?
2, 3, 7
Let g(q) = 1525*q**2 + 7*q - 2. Let n be g(-2). Suppose -4*d + n = x, 2*x + 2499 = -4*d + 8587. List the prime factors of d.
2, 5, 19
Suppose 0 = -3*a - 3*a + 2*a. Suppose a = 23*d - 564 - 1460. What are the prime factors of d?
2, 11
Let c = 21811 + -398. What are the prime factors of c?
7, 19, 23
Suppose -2*t - 1342 = 4*p, 2*p + 731 = 4*t + 65. Let b = p + 923. List the prime factors of b.
2, 3, 7
Suppose o = d + 11, -d - 3 = -2*o + 21. Suppose 18*v - o*v = -1365. Let p = v + 425. What are the prime factors of p?
2, 19
What are the prime factors of 3/66 + 1736873/1562?
2, 139
Let y = -7143 + 13671. What are the prime factors of y?
2, 3, 17
Let n = 54 + -46. Suppose -u + n + 4 = 2*i, -u + 24 = 5*i. Suppose -3*t - 1016 = -5*c, -3*c + 2*c = i*t - 217. What are the prime factors of c?
5, 41
Suppose 4*x = -5*i + 42354 + 14929, 4*x = -3*i + 34365. List the prime factors of i.
7, 1637
Let m = -171 + 317. Let y = 184 + -135. Let a = y + m. List the prime factors of a.
3, 5, 13
Let i(x) = -x**3 + 14*x**2 - 8*x - 23. Let k be i(13). Suppose -44*o - 220 = -k*o. Let t = o - -157. List the prime factors of t.
47
Let p be (10 + -7)/(6/(-208)). What are the prime factors of 3/8 - (194753/p - 1)?
2, 937
Let t(l) be the third derivative of -l**7/560 - l**6/240 + 2*l**5/15 + 11*l**2. Let m(z) be the third derivative of t(z). List the prime factors of m(-9).
2, 3, 13
Suppose 0 = -u + q + 61199, 0 = 371*u - 366*u + 2*q - 306051. List the prime factors of u.
97, 631
Let g = -8820 + 33089. List the prime factors of g.
7, 3467
Suppose -4*a + 34990 = v, 4*v - 100946 - 39105 = -3*a. What are the prime factors of v?
2, 17509
Let m(h) = -4773*h + 2927. List the prime factors of m(-2).
12473
Let j(k) = -k**2 - 6*k - 10. Let g be j(-5). Let y be g*(0 + -2 + 1). Suppose 2*b - 5*l - 32 - 138 = 0, l - 452 = -y*b. List the prime factors of b.
2, 3, 5
Let w = 73527 - 30255. What are the prime factors of w?
2, 3, 601
List the prime factors of (11/(-22))/((-2718303)/(-543662) - 5).
38833
What are the prime factors of (-8426)/(-4)*216/396?
3, 383
Let p(l) = 11139*l**2 - 38*l - 36. What are the prime factors of p(-1)?
13, 857
Let d = 41 + -341. Let p = d + 549. List the prime factors of p.
3, 83
Let f = 251053 - 155109. What are the prime factors of f?
2, 67, 179
Let i be (-10)/(40/(-12))*(-618)/9. Let a = i + 361. List the prime factors of a.
5, 31
Let c be 1/4 + 187/(-44). Let n be 278/(-3) + c/12. Let y = n + 164. List the prime factors of y.
71
Suppose 259*n 